uppose m = 4*c - 39. What are the prime factors of c?
2, 5
Suppose 5*s + 7 = 42. List the prime factors of s - (1/(-1) + -2).
2, 5
Let r be (44/6 - 2)*3. Suppose -r = 4*s - 6*s. List the prime factors of s.
2
Let a(q) = 6*q**2 + 5*q. List the prime factors of a(3).
3, 23
Let t be (12/(-10))/(2/10). Suppose -24 = -3*j - 3*v, 5*j = -4*v + 16 + 27. What are the prime factors of j/3 + (-2)/t?
2
What are the prime factors of (1*-1)/(9/(-162))?
2, 3
Let i = 1 - -4. Suppose -3*d - 2*p + 3 = -2, -5*d + i = 4*p. What are the prime factors of (8/10)/(1/d)?
2
Let d(w) = -w**2 + 9*w - 3. Let l be d(5). Let z = 6 - -1. Let f = l - z. List the prime factors of f.
2, 5
Suppose -5*y = 3*s + 2*s - 470, -482 = -5*s - 2*y. List the prime factors of s.
2, 7
Let v = -5 - -9. Let o = v - -9. Suppose -1 - o = -2*i. List the prime factors of i.
7
Suppose 3*s + 698 = 6*s + i, -3*i + 222 = s. List the prime factors of s.
2, 3, 13
Let c = 22 - 36. List the prime factors of (-42)/c + (0 - 1).
2
Let f = -1 + 4. List the prime factors of f.
3
Let a(i) = i**2 - i + 12. Let v be a(0). Suppose m = 5*m + v, 5*m = 4*k - 131. List the prime factors of k.
29
Suppose 5*r - 8 = 4*s, 3*s = -2*r - 3*r - 41. List the prime factors of (-255)/s + 28/49.
37
Let k = -17 + 42. Let w = k - -3. List the prime factors of w.
2, 7
Suppose 4*q + 2 = 6. Suppose -3*u + 92 = -4*h, h + q + 1 = 0. What are the prime factors of u?
2, 7
Let h(m) be the second derivative of m**3/6 + m**2/2 - 2*m. Let t be h(4). Suppose t*l = 10, -4*l = -2*b - b + 22. What are the prime factors of b?
2, 5
Let j = 14 - 8. Suppose -j*n + n = -340. Suppose -n = -5*o + 3*z, 5*o - 2*o = -5*z + 34. What are the prime factors of o?
13
Let f(z) = -z**2 - 6*z + 10. Let m be f(-7). Suppose i = -m*i. Suppose -3*p - l + 15 + 4 = i, -4*l = -4. List the prime factors of p.
2, 3
Let j be 3/(-9)*-1*6. Suppose -10 = -j*u - 0. List the prime factors of u.
5
Let x(k) = k + 5. Let i be x(-5). Let u = i + 5. Suppose d + 8 = u*d. List the prime factors of d.
2
Let v = -17 - -39. List the prime factors of 0 - (v/(-1))/2.
11
Let h = -13 - -9. Let j be 2 + h + 0 + -1. Let p = j + 15. What are the prime factors of p?
2, 3
Suppose -3*w - w = r + 12, 3*r = -5*w - 1. List the prime factors of r.
2
What are the prime factors of 16/(-12)*3 - -23?
19
Let d be (1 - 0)*-2*3. Let f(k) = -10*k**2 + k. Let m be f(-1). Let s = d - m. List the prime factors of s.
5
Suppose 4*x = 2*k + 252, 126 = 4*x - 2*x + k. List the prime factors of x.
3, 7
Let m be 8/2 + 25 + -3. Suppose 2*s - 3*c - 20 = -0*c, -m = -4*s - c. What are the prime factors of s?
7
Let z(q) = -66*q - 23. What are the prime factors of z(-4)?
241
Let v(d) = d**2 - 5*d - 1. Let y be v(4). List the prime factors of (-53)/y + 2/5.
11
Suppose -6*a + 2*a = -3*d - 285, 0 = 3*a + 5*d - 221. What are the prime factors of a?
2, 3
Let p = 35 + -10. What are the prime factors of p?
5
Suppose 0 = -43*c + 37*c + 306. What are the prime factors of c?
3, 17
Let m(w) = w + 12. What are the prime factors of m(22)?
2, 17
Suppose -u + 2*u + 3*s = -12, u - s - 4 = 0. Suppose u = -j + 6*j - 70. What are the prime factors of j?
2, 7
Let z(p) = p**3 + 12*p**2 + 5*p + 9. List the prime factors of z(-11).
3, 5
Let j(k) = -k**2 - 14*k - 9. Let y be j(-11). Let p = 48 - y. List the prime factors of p.
2, 3
Suppose 32*o + 99 = 35*o. List the prime factors of o.
3, 11
Let q = 25 + 1. What are the prime factors of q?
2, 13
Suppose -p + 2*l = 0, -5*p = -2*l - 18 - 6. What are the prime factors of ((-188)/(-8))/(3/p)?
47
Let p be (-1)/1*(4 + 5). Let o = p + 28. List the prime factors of o.
19
Let a(d) be the first derivative of d**3/3 - 3*d**2 + 4*d - 1. Suppose 3*p - 16 = 2. List the prime factors of a(p).
2
List the prime factors of 35 - (0 + (-2)/(-1)).
3, 11
Let x(t) = -t**2 + 2 - 1 + 5*t**2 + 0*t**2. What are the prime factors of x(-2)?
17
Let a = 6 - 2. Let u be ((-15)/20)/((-1)/a). Suppose u*p + 2 - 26 = 0. List the prime factors of p.
2
Let n be ((-4)/10)/((-2)/(-10)). List the prime factors of 0 + n + 0 - -4.
2
Suppose -5*r = 5*d, -2*d = -0*d + 5*r. Suppose -4*o - 5*a = -105, -o - 3*a = -d*o - 21. What are the prime factors of o?
2, 3, 5
Suppose -8*g + 3*g + 2*r + 355 = 0, 2*r = -g + 59. What are the prime factors of g?
3, 23
What are the prime factors of (-175)/(-15) - 2/(-6)?
2, 3
Suppose 8 = 5*f - 27. Suppose 3*x = 3*t - 6, 2*t = x + f*t - 28. Suppose -2*s = x*s - 10. List the prime factors of s.
2
Let l = 36 - -9. What are the prime factors of l?
3, 5
Let f(u) = 12*u - 46. What are the prime factors of f(7)?
2, 19
Let g(o) = -3 + 7 + 8*o - 3. Let m be g(1). What are the prime factors of m/4 + 3/(-12)?
2
Let p be 1/2 + 36/8. Suppose -7 - p = -4*s. What are the prime factors of s?
3
Let u = -9 + 11. List the prime factors of u.
2
Let x = 74 + -33. List the prime factors of x.
41
Let d be -1*1 - 8/1. Suppose -3*r + 9*r - 108 = 0. Let b = d + r. List the prime factors of b.
3
Let y(o) = 8*o**2 - 8*o - 4. What are the prime factors of y(5)?
2, 3, 13
Let x = 2 + 2. Suppose -x*c + 3*s = -40, s = 5*s. Let g = c + -6. List the prime factors of g.
2
Suppose -30*u = -8*u - 1100. List the prime factors of u.
2, 5
What are the prime factors of ((-1480)/15 - 0)*-3?
2, 37
Let o(a) = a**3 + a**2 + 30. List the prime factors of o(0).
2, 3, 5
Suppose 0 = -l + 2 + 3. Suppose -a + l*a = 140. List the prime factors of a.
5, 7
Let t = -6 - -14. Suppose 8*m - 4*m - t = 0. List the prime factors of m.
2
Suppose 22 = p - 44. List the prime factors of p.
2, 3, 11
Suppose -379 = -r + 3*w, -6*r + 10*r + 3*w - 1546 = 0. List the prime factors of r.
5, 7, 11
Let b be (-21)/9 - (-1)/3. Let r be 4 + (b - 0/(-2)). Suppose 4*u - 6 = r*u. List the prime factors of u.
3
Suppose 7*v = -87 + 465. What are the prime factors of v?
2, 3
Let j(w) = 8*w**2 - 3*w - 1. List the prime factors of j(4).
5, 23
Let p(j) = j**2 - 5*j + 3. Let g be p(4). Let m be 2 + (-6)/3 + g. What are the prime factors of (2 + -3)*4*m?
2
Let r = 13 - 9. List the prime factors of r.
2
Suppose 2*i - 124 = -12. Suppose 0 = 2*w + 2*w - i. What are the prime factors of w?
2, 7
Suppose -38 = -3*f + 4. What are the prime factors of f?
2, 7
Let j be 465/(-35) - (-4)/14. Let i = -8 - j. List the prime factors of i.
5
Let a(b) = -8*b**3 - b**2 + 4*b + 4. What are the prime factors of a(-3)?
199
Suppose -14 = -w - 2*u - 0*u, 35 = 5*w + 3*u. Let z be (-1)/(1 + (-5)/w). Suppose 3*o - 29 = -z*m, o + m = -2*m + 8. What are the prime factors of o?
11
Let c(t) = -t + 2*t + 3 - 2*t - 5. What are the prime factors of c(-9)?
7
Let k = -67 - -109. List the prime factors of k.
2, 3, 7
Suppose 0 = 3*b - 12, 5*d = -0*d + 5*b + 120. What are the prime factors of d?
2, 7
Let p be 1 - (-2 + 4 + 0). Let w(l) = l - 1. Let r be w(p). Let b = r + 7. List the prime factors of b.
5
Let u(q) = 2*q**2 - 6*q + 2. Suppose 3*f - 15 = -3*s + f, 0 = 3*f. Suppose -s*b - 15 = 0, 0 = 2*p - 3*b - 6 - 11. What are the prime factors of u(p)?
2, 5
Let r(y) = -57*y**2 + 1 + 60*y**2 + 2*y + 1. List the prime factors of r(-1).
3
Let t = 211 - 86. List the prime factors of t.
5
Suppose 0 = 4*x + 2*k + 36, -k + 5*k - 48 = 4*x. List the prime factors of (-15)/x*(-2 + 20).
3
Let u(y) = 3 - 5*y**2 + 3*y**2 - 3*y**2 + 7*y + 4*y**2. List the prime factors of u(6).
3
Let a = 77 - 34. What are the prime factors of a?
43
Let s = 14 + -12. What are the prime factors of -2*s*(-11)/4?
11
Let c be -3*(3 + -2 + 8). Let d = c - -45. Suppose -2*j + 0*j = -d. List the prime factors of j.
3
Let h = -2 - -1. Let w(b) be the first derivative of -b**2/2 + b + 2. What are the prime factors of w(h)?
2
Suppose -11*s + 9*s = -4. What are the prime factors of s/(-6) + (-115)/(-3)?
2, 19
Suppose -89*l + 94*l = 765. What are the prime factors of l?
3, 17
Let m be (-2)/((-2 - -4)/(-2)). List the prime factors of (-1)/(m/(-28)*2).
7
Suppose a - 14 = 31. What are the prime factors of (-2)/(2 + (-92)/a)?
3, 5
What are the prime factors of (-8)/(-2) + (693 - 3)/2?
349
Suppose 4*v = -c + 59, -4*v = -5*c + c - 84. Suppose 0 = 4*t + v + 28. Let b = t + 24. List the prime factors of b.
13
Let z(r) = -r + 5. Let j be z(6). Let q be (j - -2)/(-3 + 2). What are the prime factors of 5/1*(0 - q)?
5
Let f(t) = -3*t - 8. Let i(g) = 4*g + 12. Let z(w) = 7*f(w) + 5*i(w)